 v be 5 + 1/(2 - 3). Let n(s) = 13*s + 5. Let u(z) = v*t(z) - 11*n(z). What is the remainder when 41 is divided by u(1)?
13
Calculate the remainder when 0 - (-66 - (-8)/2) is divided by 21.
20
Suppose -w + 0*w + 20 = 0. Let k(q) = -3*q + 25. Calculate the remainder when w is divided by k(6).
6
Suppose -d + 6 = -2*d. Let n be (0 - -3)/(d/(-4)). Suppose -3*i = -n*k - i + 14, -5*i = -10. What is the remainder when k is divided by 5?
4
Suppose 5*u + 3*y - 31 = 0, 4*u = -u + 2*y + 46. Calculate the remainder when 22 is divided by u.
6
Let r be 3/1 + (1 - -1). Suppose -2*n + 2*p - 11 = -r, -3*n + p = 1. Suppose -3*c - 5*x = -n, 4*x + 2 = c - 4. What is the remainder when 4 is divided by c?
0
Let g(q) be the third derivative of q**6/120 + q**5/4 - 17*q**4/24 - 3*q**3/2 + 4*q**2. What is the remainder when 18 is divided by g(-16)?
4
Let z = 47 - 35. Calculate the remainder when (-2)/3*(-423)/6 is divided by z.
11
Suppose -d = -2*i - 22, -d + 16 = 5*i - 6. Suppose d = 4*g - 3*g. Calculate the remainder when 64 is divided by g.
20
Let a = -68 - -101. Let u(z) = -z. What is the remainder when a is divided by u(-9)?
6
What is the remainder when (-3)/(-3) + -1 + 46 is divided by 12?
10
Calculate the remainder when 231 is divided by (81/(-36) - -2)/(2/(-472)).
54
Suppose -x - 11 = 6*q - 3*q, -20 = 5*q. Suppose 3*o + 5*c - 19 = 0, o - 6*o - 5*c = -35. Calculate the remainder when 3/x*(-220)/(-30) is divided by o.
6
Let u(p) = p - 7. Let m be u(6). Let l be -4 - (1 + m)/(-2). Let q(b) = b**3 + 5*b**2 + 3*b + 2. What is the remainder when 11 is divided by q(l)?
5
Suppose -3*a - 3*t + 416 = t, 3*t - 142 = -a. What is the remainder when a is divided by 23?
21
Let y(m) = -m**2 - 5*m + 8. What is the remainder when 7 is divided by y(-6)?
1
Let k(w) be the third derivative of w**5/4 + w**3/6 - 3*w**2. Calculate the remainder when k(2) is divided by 21.
19
Let j be 60/(1 + 0) + 3. Let s be (-1 + 0)/((-7)/j). Suppose a + 3*x = s, -4*a = -2*x + 4*x - 66. Calculate the remainder when 34 is divided by a.
16
Suppose -w = -4 - 0. Let l = 1 - -5. Calculate the remainder when l is divided by w.
2
Let b(s) = -s**3 + 8*s**2 + 3*s - 12. Let y be b(8). Suppose y = o - 7. Calculate the remainder when 36 is divided by o.
17
Let t = -18 + 32. What is the remainder when 67 is divided by t?
11
Let p(z) = z**3 - 15*z**2 + 4. Suppose 4*r - 7*r = -45. What is the remainder when 11 is divided by p(r)?
3
Let i(g) = 7*g - 3*g - 3 + g - 2*g. Calculate the remainder when i(3) is divided by 4.
2
Suppose 4*k + 66 = 10*k. What is the remainder when 40 is divided by k?
7
Let x(k) be the third derivative of k**4/24 - k**3 - 3*k**2. Let z be x(8). Suppose z*v - 2 - 6 = 0. Calculate the remainder when 9 is divided by v.
1
Let j(h) = 14*h**2 + h. Calculate the remainder when -1*(-5)/((-5)/(-44)) is divided by j(1).
14
Suppose 5*p + 63 - 473 = 0. Suppose -z + 53 + p = 5*m, 2*m - 81 = 5*z. What is the remainder when m is divided by 15?
13
Calculate the remainder when 4/(-20)*-5*12 is divided by 5.
2
Suppose -2*u + 24 = -0*u. Suppose -9*x - 33 = -10*x - 5*h, 3*h + 73 = x. Calculate the remainder when x is divided by u.
10
Suppose 67 = 5*s - 4*s. Suppose -5*f + 3*t + 92 = 0, 5*f + 0*f = -5*t + 100. Suppose 4*u - 73 = f. What is the remainder when s is divided by u?
21
Let y = -5 - -18. Suppose -2*i + 114 = 12. What is the remainder when i is divided by y?
12
Suppose 0 = -3*u + 7*u + 4*i - 16, 0 = 4*i - 20. Let j = 2 - u. Suppose 6*o = -3*x + 4*o + 32, -3*x = 3*o - 36. Calculate the remainder when x is divided by j.
2
Let t be (4 - -47)*1*3. Suppose 5*u + t = 53. Let n = 28 + u. Calculate the remainder when n is divided by 5.
3
Suppose 5*y - 81 = 29. What is the remainder when y is divided by 7?
1
What is the remainder when ((-338)/4 + -1)*(-7 + 5) is divided by 44?
39
Suppose 0 = -2*t + 15 - 9. What is the remainder when 4 is divided by t?
1
Let k = 10 + 23. Suppose 0 = -5*v + 3*m + 202, -v + k = -3*m - 5. Let d(w) = w**2 + 5*w - 10. What is the remainder when v is divided by d(-8)?
13
Let m(j) = -139*j + 139*j + 1 + 11*j**2. Suppose d + 2*f - 17 = 5*f, -24 = -4*d + f. What is the remainder when m(1) is divided by d?
2
Suppose -10 = -3*s + 8*s, -j - 2*s = 0. Suppose t + j*l - 48 = 0, -t + 0*t = -3*l - 20. Calculate the remainder when t is divided by 17.
15
Suppose 2*t - 16 = 3*d, -1 = d - 4*t + 11. Let k = d + 18. What is the remainder when 40 is divided by k?
12
Let o = -5 + 30. Calculate the remainder when 147 is divided by o.
22
Calculate the remainder when 18 is divided by 9/(-21) - 73/(-7).
8
Suppose f - 10 = -0. What is the remainder when f is divided by 4?
2
Suppose -25 = -0*s - s. Let c be (-2)/(-4) + (-23)/2. Calculate the remainder when s is divided by 1 - 3 - (c - 0).
7
Let z = -112 - -178. Calculate the remainder when z is divided by 18.
12
Let t(f) = 40*f**3 + f + 1. Let o be t(-1). Let d = -18 - o. Calculate the remainder when d is divided by 12.
10
Suppose 2*z + 3 = 3*z. Suppose -3*u - 5*l = 2 - 23, -9 = 3*u - 5*l. Let p(j) = j**3 - 2*j**2 + j. What is the remainder when z is divided by p(u)?
1
Let n = 11 - 7. Let x be 6/(-21) + (-72)/(-7). Let t = -7 + x. Calculate the remainder when n is divided by t.
1
Let s(w) = w + 15. Let p = -8 - -13. Let t = p + -5. What is the remainder when 43 is divided by s(t)?
13
Let x = -4 + 4. Suppose s + 44 = b, x = -4*b + b - 5*s + 164. Let r = -32 + b. Calculate the remainder when r is divided by 9.
7
Calculate the remainder when 30 is divided by 30/2 + 4/(-1).
8
Let k(w) = w**2 - 8*w - 13. Let q = -2 + 1. What is the remainder when 0 + q + (1 - -11) is divided by k(10)?
4
Let u = 2 - -15. Calculate the remainder when u is divided by 5.
2
Suppose 150 = 5*m - 3*z - 2*z, -m + 15 = -4*z. Suppose -4*y + 24 = p - 12, 3*p - 45 = -5*y. Calculate the remainder when m is divided by y.
8
Suppose 107 + 157 = -2*u. Let x be (u/9 - 2)*3. Calculate the remainder when 11 is divided by x/(-13) - 2/(-13).
3
Let l(a) = -3*a - 22. What is the remainder when 29 is divided by l(-10)?
5
Let l be 4/((-4)/(-5)) + 1. Suppose 6*c = 4*c + l. What is the remainder when c is divided by 3?
0
Let c(l) = -4*l - 7. Suppose -2*f + 2*u = 20, -4*u + 8 = f - 7. What is the remainder when 25 is divided by c(f)?
12
Suppose f = 2*f - 2. Let a be 2/(f/11) + -2. Suppose 2*n - a = -n. Calculate the remainder when 3 is divided by n.
0
Suppose -t - t = 0. Suppose 0*o + 2*o - 76 = t. Calculate the remainder when o is divided by (-4)/(-2) + 18*1.
18
Let j(p) = -3 - 3*p + p**3 + 4*p - 4 + 7*p**2. What is the remainder when j(-6) is divided by 13?
10
Let x be -1 + -1 - (4 - -8). Let d = x - -66. What is the remainder when d is divided by 14?
10
Let c = 2 - -3. Suppose 56 = 4*h + 4*y - 8*y, 3*y = 15. Calculate the remainder when (h - 4)*6/10 is divided by c.
4
Let m = 28 - 17. Suppose 5 = 5*l - 4*l. Suppose 2*o - l*v = -2, -2*o = -2*v - v - 2. Calculate the remainder when m is divided by o.
3
Let b(k) = k + 2. Let y = -8 + 11. What is the remainder when b(y) is divided by (2/(-6))/(2/(-12))?
1
Calculate the remainder when 78/1 - -1 - 2 is divided by 16.
13
Let z(j) = -j**2 + 16*j - 27. What is the remainder when 144 is divided by z(12)?
18
Suppose -5 - 7 = -4*b. Suppose b = 2*n + 1. What is the remainder when 6 is divided by (5/(10/8))/n?
2
Let p(j) = j**3 - 4*j**2 + 5. Let f(t) = -t**2 - 5*t. Let c be f(-4). What is the remainder when 8 is divided by p(c)?
3
Let h = -7 - -11. Suppose 3*q - 24 = -q. Calculate the remainder when q is divided by h.
2
Let q be 6/(-2) + 30 - 0. Let i = q - 11. What is the remainder when i is divided by 5?
1
Let n(d) = d**3 + d**2 - 5. Let b be n(0). Let g = -2 - b. Calculate the remainder when 4 is divided by g.
1
Let z(i) = i - 1. Let t be z(3). Suppose 2*k - 48 = -3*s, k - 19 = -s + t*s. Calculate the remainder when k is divided by 8.
5
Let r = -1 + -2. Let x = r + 7. Suppose -d = h - 2, -5*h + 14 = -4*d + 67. Calculate the remainder when d is divided by x.
3
Let v(h) be the third derivative of -h**4/24 + h**3/6 - h**2. Calculate the remainder when 13 is divided by v(-4).
3
Let y = -9 + 13. Let p(h) = h**3 - 27*h**2 - 27*h - 18. Calculate the remainder when p(28) is divided by y.
2
Suppose 5*z + 18 = 8*z. What is the remainder when z is divided by 4?
2
Suppose 16 = 